alculate the remainder when 9648 is divided by 9.
0
What is the remainder when 28628 is divided by 46?
16
Calculate the remainder when 81872 is divided by 13.
11
Calculate the remainder when 391205 is divided by 130398.
11
Calculate the remainder when 426802 is divided by 108.
94
Calculate the remainder when 169973 is divided by 89.
72
What is the remainder when 112509 is divided by 37500?
9
What is the remainder when 4793 is divided by 130?
113
What is the remainder when 9092 is divided by 128?
4
Calculate the remainder when 45493 is divided by 25.
18
Calculate the remainder when 2843 is divided by 946.
5
Calculate the remainder when 14560 is divided by 3616.
96
Calculate the remainder when 111787 is divided by 22337.
102
Calculate the remainder when 1031 is divided by 15.
11
What is the remainder when 6374 is divided by 5290?
1084
Calculate the remainder when 12737 is divided by 118.
111
Calculate the remainder when 2850 is divided by 136.
130
Calculate the remainder when 36511 is divided by 112.
111
What is the remainder when 12662 is divided by 167?
137
What is the remainder when 38361 is divided by 87?
81
What is the remainder when 47978 is divided by 11993?
6
What is the remainder when 3531 is divided by 3530?
1
What is the remainder when 211497 is divided by 50?
47
What is the remainder when 146338 is divided by 27?
25
What is the remainder when 54379 is divided by 2183?
1987
What is the remainder when 19399875 is divided by 202?
199
What is the remainder when 191245 is divided by 1028?
37
Calculate the remainder when 37652 is divided by 191.
25
What is the remainder when 90883 is divided by 126?
37
What is the remainder when 403 is divided by 399?
4
What is the remainder when 86329 is divided by 14?
5
Calculate the remainder when 4822 is divided by 220.
202
Calculate the remainder when 22577 is divided by 18.
5
Calculate the remainder when 2546 is divided by 842.
20
What is the remainder when 41487 is divided by 68?
7
What is the remainder when 2136 is divided by 100?
36
Calculate the remainder when 28512 is divided by 4684.
408
Calculate the remainder when 111344 is divided by 2530.
24
What is the remainder when 2289 is divided by 267?
153
What is the remainder when 1118 is divided by 622?
496
What is the remainder when 8837 is divided by 739?
708
What is the remainder when 318982 is divided by 79745?
2
Calculate the remainder when 19499 is divided by 146.
81
What is the remainder when 14685 is divided by 216?
213
What is the remainder when 10338 is divided by 75?
63
Calculate the remainder when 4209623 is divided by 25.
23
What is the remainder when 3482 is divided by 3455?
27
Calculate the remainder when 1394 is divided by 1369.
25
What is the remainder when 1083296 is divided by 1083290?
6
What is the remainder when 926 is divided by 38?
14
What is the remainder when 3053 is divided by 575?
178
Calculate the remainder when 3086 is divided by 918.
332
What is the remainder when 837894 is divided by 15?
9
What is the remainder when 1763 is divided by 302?
253
Calculate the remainder when 24292 is divided by 49.
37
What is the remainder when 303345 is divided by 30334?
5
Calculate the remainder when 125463 is divided by 33.
30
Calculate the remainder when 635315 is divided by 1561.
1549
Calculate the remainder when 44816 is divided by 669.
662
What is the remainder when 5959 is divided by 170?
9
What is the remainder when 6429223 is divided by 825?
823
What is the remainder when 476 is divided by 474?
2
What is the remainder when 22559 is divided by 75?
59
Calculate the remainder when 3133 is divided by 579.
238
Calculate the remainder when 19238 is divided by 260.
258
Calculate the remainder when 245135 is divided by 1645.
30
Calculate the remainder when 57436 is divided by 746.
740
Calculate the remainder when 2129 is divided by 164.
161
What is the remainder when 301 is divided by 61?
57
Calculate the remainder when 10425 is divided by 3448.
81
Calculate the remainder when 330549 is divided by 98.
93
Calculate the remainder when 251867 is divided by 261.
2
What is the remainder when 127723 is divided by 325?
323
What is the remainder when 1160903 is divided by 15?
8
Calculate the remainder when 44064 is divided by 14683.
15
Calculate the remainder when 54620 is divided by 71.
21
What is the remainder when 960698 is divided by 52?
50
What is the remainder when 11563 is divided by 165?
13
Calculate the remainder when 698422 is divided by 12.
10
What is the remainder when 6138 is divided by 1114?
568
What is the remainder when 36280 is divided by 33?
13
What is the remainder when 1971 is divided by 136?
67
Calculate the remainder when 83766 is divided by 931.
907
What is the remainder when 40987 is divided by 661?
5
What is the remainder when 20323 is divided by 4056?
43
What is the remainder when 218514 is divided by 45?
39
What is the remainder when 146680 is divided by 77?
72
Calculate the remainder when 2550 is divided by 233.
220
What is the remainder when 25518 is divided by 169?
168
Calculate the remainder when 3016 is divided by 342.
280
Calculate the remainder when 8877 is divided by 369.
21
What is the remainder when 42586 is divided by 84?
82
What is the remainder when 2631875 is divided by 26?
25
What is the remainder when 21812 is divided by 12?
8
Calculate the remainder when 1356 is divided by 1290.
66
What is the remainder when 15440 is divided by 755?
340
Calculate the remainder when 4122 is divided by 22.
8
What is the remainder when 513820 is divided by 24?
4
Calculate the remainder when 474524 is divided by 112.
92
What is the remainder when 219419 is divided by 139?
77
Calculate the remainder when 472824 is divided by 397.
394
What is the remainder when 158663 is divided by 215?
208
Calculate the remainder when 22517 is divided by 3212.
33
Calculate the remainder when 18601 is divided by 44.
33
What is the remainder when 1524 is divided by 1402?
122
What is the remainder when 6007 is divided by 52?
27
Calculate the remainder when 23967 is divided by 32.
31
Calculate the remainder when 50885 is divided by 12715.
25
What is the remainder when 27181 is divided by 3871?
84
What is the remainder when 994 is divided by 964?
30
What is the remainder when 7736 is divided by 180?
176
What is the remainder when 90858 is divided by 154?
152
Calculate the remainder when 126758 is divided by 268.
262
What is the remainder when 82966 is divided by 12?
10
What is the remainder when 45476 is divided by 548?
540
Calculate the remainder when 47673 is divided by 38.
21
Calculate the remainder when 23558 is divided by 113.
54
What is the remainder when 427 is divided by 164?
99
Calculate the remainder when 291370 is divided by 225.
220
Calculate the remainder when 567002 is divided by 750.
2
Calculate the remainder when 15678 is divided by 106.
96
What is the remainder when 3740 is divided by 63?
23
What is the remainder when 20345 is divided by 2099?
1454
What is the remainder when 92667 is divided by 30831?
174
What is the remainder when 86843 is divided by 15?
8
Calculate the remainder when 360637 is divided by 18.
7
What is the remainder when 1901499 is divided by 146?
141
Calculate the remainder when 6782 is divided by 396.
50
Calculate the remainder when 1066 is divided by 1049.
17
What is the remainder when 6531 is divided by 3254?
23
What is the remainder when 1165 is divided by 549?
67
What is the remainder when 152399 is divided by 100?
99
Calculate the remainder when 11743 is divided by 267.
262
What is the remainder when 8703 is divided by 380?
343
What is the remainder when 3698 is divided by 718?
108
Calculate the remainder when 23074 is divided by 2.
0
What is the remainder when 1430 is divided by 10?
0
What is the remainder when 2982 is divided by 2679?
303
Calculate the remainder when 196464 is divided by 46.
44
Calculate the remainder when 892 is divided by 415.
62
Calculate the remainder when 3753 is divided by 1147.
312
What is the remainder when 2187 is divided by 264?
75
What is the remainder when 358584 is divided by 143?
83
What is the remainder when 12193 is divided by 118?
39
Calculate the remainder when 505 is divided by 504.
1
What is the remainder when 1631816 is divided by 192?
8
Calculate the remain